ed by 143.
141
Calculate the remainder when 75748 is divided by 24111.
3415
What is the remainder when 14434 is divided by 733?
507
Calculate the remainder when 160997 is divided by 388.
365
Calculate the remainder when 943825 is divided by 623.
603
What is the remainder when 140047 is divided by 136597?
3450
What is the remainder when 22928 is divided by 22227?
701
Calculate the remainder when 2139847 is divided by 319.
314
What is the remainder when 29433035 is divided by 68?
51
What is the remainder when 334887 is divided by 2791?
2758
Calculate the remainder when 16012 is divided by 2242.
318
What is the remainder when 1244789 is divided by 138300?
89
What is the remainder when 242305 is divided by 241580?
725
Calculate the remainder when 41589450 is divided by 36.
18
Calculate the remainder when 5659514 is divided by 314410.
134
Calculate the remainder when 286473652 is divided by 774.
772
Calculate the remainder when 36728690 is divided by 364.
362
What is the remainder when 48085 is divided by 183?
139
Calculate the remainder when 612942 is divided by 444.
222
What is the remainder when 7235399 is divided by 803933?
2
Calculate the remainder when 1866841 is divided by 276.
253
Calculate the remainder when 300128 is divided by 12503.
56
Calculate the remainder when 349097 is divided by 201.
161
Calculate the remainder when 763173498 is divided by 265.
263
Calculate the remainder when 13293843 is divided by 2658767.
8
Calculate the remainder when 930045 is divided by 6285.
6150
What is the remainder when 6450475 is divided by 79635?
40
What is the remainder when 64545 is divided by 32?
1
What is the remainder when 24523414 is divided by 79?
76
What is the remainder when 635338 is divided by 649?
616
What is the remainder when 13712217 is divided by 2725?
17
What is the remainder when 596306 is divided by 298150?
6
What is the remainder when 4369059 is divided by 58254?
9
Calculate the remainder when 167640 is divided by 564.
132
What is the remainder when 60620827 is divided by 291?
289
Calculate the remainder when 150008 is divided by 1292.
136
What is the remainder when 732023 is divided by 122001?
17
What is the remainder when 17328966 is divided by 63?
60
What is the remainder when 588739 is divided by 220?
19
Calculate the remainder when 117162 is divided by 2724.
30
What is the remainder when 76912576 is divided by 436?
432
What is the remainder when 1925233 is divided by 15?
13
What is the remainder when 2808154 is divided by 6199?
7
What is the remainder when 21443 is divided by 1890?
653
Calculate the remainder when 86660 is divided by 544.
164
Calculate the remainder when 1229031710 is divided by 459.
458
Calculate the remainder when 174963 is divided by 326.
227
What is the remainder when 42355 is divided by 1165?
415
What is the remainder when 33823400 is divided by 128606?
22
What is the remainder when 5288748 is divided by 2490?
2478
Calculate the remainder when 158520 is divided by 159.
156
What is the remainder when 13687481 is divided by 1068?
1061
Calculate the remainder when 7251631 is divided by 524.
519
What is the remainder when 159044316 is divided by 101?
20
What is the remainder when 407938 is divided by 681?
19
Calculate the remainder when 10645 is divided by 182.
89
What is the remainder when 676989 is divided by 84623?
5
What is the remainder when 165222 is divided by 58?
38
Calculate the remainder when 100738967 is divided by 1657.
1652
Calculate the remainder when 563482 is divided by 190.
132
What is the remainder when 1670413 is divided by 556628?
529
Calculate the remainder when 187448 is divided by 186584.
864
Calculate the remainder when 9942941 is divided by 9942934.
7
What is the remainder when 278886 is divided by 4802?
370
What is the remainder when 208720 is divided by 948?
160
Calculate the remainder when 787838 is divided by 15444.
194
What is the remainder when 48361997 is divided by 355?
347
Calculate the remainder when 416075 is divided by 21747.
2882
Calculate the remainder when 1262851 is divided by 252546.
121
Calculate the remainder when 8995820 is divided by 359.
357
Calculate the remainder when 339577 is divided by 553.
35
What is the remainder when 48782 is divided by 48386?
396
What is the remainder when 185060 is divided by 1848?
260
Calculate the remainder when 6970391 is divided by 386.
3
What is the remainder when 66358255 is divided by 31?
27
What is the remainder when 1970384490 is divided by 3427?
3424
What is the remainder when 1804288 is divided by 901240?
1808
Calculate the remainder when 7112520 is divided by 2370826.
42
Calculate the remainder when 2616621 is divided by 113766.
3
What is the remainder when 52730 is divided by 6579?
98
What is the remainder when 100048331 is divided by 100?
31
What is the remainder when 2005779 is divided by 1305?
1299
Calculate the remainder when 51028 is divided by 2121.
124
What is the remainder when 489484 is divided by 44490?
94
Calculate the remainder when 2815765 is divided by 5770.
5
Calculate the remainder when 30926 is divided by 3436.
2
What is the remainder when 146326955 is divided by 1096?
1091
What is the remainder when 24243583 is divided by 547?
543
What is the remainder when 42220 is divided by 1661?
695
What is the remainder when 1007183726 is divided by 297?
296
Calculate the remainder when 88015 is divided by 17540.
315
What is the remainder when 1410399 is divided by 27098?
1303
What is the remainder when 347959903 is divided by 3541?
3538
What is the remainder when 3390129 is divided by 466?
445
What is the remainder when 335953 is divided by 83968?
81
Calculate the remainder when 175105391 is divided by 3103.
3101
Calculate the remainder when 4047718 is divided by 92.
86
What is the remainder when 69918 is divided by 23306?
0
What is the remainder when 265561 is divided by 53084?
141
What is the remainder when 14250211 is divided by 2375029?
37
Calculate the remainder when 244410 is divided by 243855.
555
What is the remainder when 20802 is divided by 300?
102
What is the remainder when 181215 is divided by 45303?
3
Calculate the remainder when 113713 is divided by 212.
81
What is the remainder when 982281 is divided by 491129?
23
What is the remainder when 832008 is divided by 415976?
56
Calculate the remainder when 778417 is divided by 4929.
4564
What is the remainder when 13104510 is divided by 1635?
1620
Calculate the remainder when 173449184 is divided by 148.
140
What is the remainder when 944004 is divided by 22470?
264
Calculate the remainder when 194327 is divided by 21572.
179
What is the remainder when 102904585 is divided by 58?
57
What is the remainder when 3138741 is divided by 18908?
13
Calculate the remainder when 86659752 is divided by 43329871.
10
What is the remainder when 15696447 is divided by 3775?
3772
What is the remainder when 117963434 is divided by 283?
261
Calculate the remainder when 849905 is divided by 2881.
10
Calculate the remainder when 2371730 is divided by 2346.
2270
Calculate the remainder when 14870508 is divided by 29.
4
What is the remainder when 18669 is divided by 184?
85
Calculate the remainder when 2083287 is divided by 532.
507
Calculate the remainder when 1529872 is divided by 509940.
52
Calculate the remainder when 217156 is divided by 210308.
6848
Calculate the remainder when 14723218 is divided by 2724.
2722
What is the remainder when 3101926 is divided by 1703?
763
What is the remainder when 10150208 is divided by 375933?
17
Calculate the remainder when 113588808 is divided by 441.
438
What is the remainder when 37186 is divided by 5297?
107
Calculate the remainder when 1432834 is divided by 583.
403
What is the remainder when 5703989 is divided by 136?
13
What is the remainder when 19191492 is divided by 604?
600
Calculate the remainder when 813153 is divided by 76.
29
Calculate the remainder when 15811974 is divided by 15002.
14868
What is the remainder when 589540 is divided by 96?
4
Calculate the remainder when 1090122 is divided by 363345.
87
Calculate the remainder when 54878 is divided by 3896.
334
What is the remainder when 565831 is divided by 786?
697
Calculate the remainder when 103509494 is divided by 5269.
5258
Calculate the remainder when 1863987 is d